f**3 - 2*f**2 + f - 9. Let d(o) = 7*o**3 - 3*o**2 + 2*o - 17. Let c(h) = 3*d(h) - 5*m(h). Let i = 9 - 9. Give c(i).
-6
Let s = -28 + 21. Let j(l) = -l**3 - 7*l**2 + l + 3. Give j(s).
-4
Let m be ((-14)/21)/(4/(-6)). Suppose -m = -d + 5. Let v(o) = -o**2 + 6*o - 2. Let s be v(d). Let i(j) = 2*j**2 + 2*j + 1. Calculate i(s).
5
Suppose -9 - 6 = -3*p. Let c = -2 + p. Let z(b) = b**3 - 2*b**2 - b - 2. What is z(c)?
4
Let i(n) = -n**2 + 2*n. Suppose 7 = 5*c + 2*z, 6*z = 3*c + 7*z - 5. What is i(c)?
-3
Let x(w) = -4*w**2 - 10*w + 6 + 3*w**2 - 8 + 5*w. Determine x(-5).
-2
Let j(k) = -k**3 - 11*k**2 - k - 9. Let o be (2 - 15/2)*2. Let x be j(o). Let z(q) = q**2 + 1. Calculate z(x).
5
Suppose 2*j + 0 + 8 = -g, -3*j - 11 = 2*g. Let k(v) = -2*v - 12. Let o(h) = 2*h + 11. Let m(y) = -4*k(y) - 5*o(y). Calculate m(j).
3
Let f(z) = -23*z + 1. Let q(s) = s**2 - 6*s + 10. Let m be q(3). What is f(m)?
-22
Let s(v) = 13 + 6*v + 7*v**2 - 4 - 13*v - v**3. Suppose 3*d - d - 12 = 0. Calculate s(d).
3
Let g = -4 + 8. Let z(m) = -2*m**2 - m**3 - 4 - 2*m + m - g*m - 3*m**2. Give z(-4).
0
Suppose 0 = 99*b - 100*b - 3. Let k(i) be the third derivative of i**5/60 + i**4/24 - i**3/3 - i**2. What is k(b)?
4
Suppose -s + 4*s = 9. Let f(z) = -z**2 + 4*z + 1. Give f(s).
4
Let a(x) = -x**2 - 9*x - 6. Let q(r) = 7*r**3. Let n be q(-1). Calculate a(n).
8
Suppose 5*u - 9 = f + 2*f, 11 = -2*f + 5*u. Let k be (-5)/25 - f/(-10). Let s(a) = 3 - a + k + 2. What is s(0)?
5
Let k(p) = 4*p**2 + 48 + 3*p**2 + p**3 - p**2 - 50. Determine k(-6).
-2
Suppose -20 = 5*g - 5*h, 4*h + 2 = g - 3. Let i(z) = 3*z. Calculate i(g).
-21
Let q(w) = -2*w + 4. Suppose -2*d = -28 - 2. Let z be (-4)/6 - (-55)/d. Give q(z).
-2
Let h = 956 - 114719/120. Let i(o) be the third derivative of 1/15*o**5 - h*o**6 - o**2 + 0*o + 0 + 1/8*o**4 + o**3. Calculate i(5).
-4
Let n(y) = -y**2 - 5*y. Let k = -13 + 9. Calculate n(k).
4
Let j = -116 + 115. Let r(p) = 9*p**2 + p. Calculate r(j).
8
Let u(g) = -g - 2. Suppose -2*d + 3*m = -21, -2*d = -4*d + 5*m + 23. Suppose s = 4*s + d. Give u(s).
1
Let k(a) = -3*a - 1 + 5*a + 2. Give k(5).
11
Let q(r) be the first derivative of r**4/4 - 2*r**3/3 - 4*r + 2. Let v be (-1)/(2/(-32)*2). Let m(x) = -x**3 + 7*x**2 + 7*x + 11. Let s be m(v). Determine q(s).
5
Let o = 31 + -29. Let v(t) = t**2 + 4*t - 3. Determine v(o).
9
Let p be (-11)/44 + 71/(-4). Let o be 60/p*(-6)/(-4). Let y(a) = a**2 + 6*a + 3. What is y(o)?
-2
Suppose -2*f = f - 57. Suppose s + 5*k - 1 = -0*s, -s + f = -k. Suppose 4*t - s = -2*d, -6 = 5*d - t - 2. Let y(u) = -u**3 + u**2 + u - 7. Give y(d).
-7
Let k be -12*(-2 + (-9)/(-6)). Let h(g) = -g**2 + 6*g + 13. Let d(j) = j**2 - 6*j - 14. Let m(f) = 6*d(f) + 7*h(f). Determine m(k).
7
Let x(m) = m**2 - 3. Suppose -5*c = -4*f + 40, -f + 3*c = 3*f - 32. Suppose -4*k + 3 = -f*k. What is x(k)?
6
Let c(a) = -a**3 + a**2 - 2*a + 3. Suppose -35 = -4*v + 7*k - 2*k, 5*v - 90 = -3*k. Let z be (-16)/5*v/(-6). Let p = -6 + z. What is c(p)?
-5
Let x be ((-4)/6)/((-1)/6). Suppose -18 = -2*a + 3*a + x*m, 5*a + 26 = -4*m. Let o(u) = u**3 + 3*u**2 + u + 2. Give o(a).
4
Let y(a) = -5*a**2 - 1. Let w(c) = c**3 - 10*c**2 - c + 11. Let q be (6/(-4))/((-3)/20). Let z be w(q). What is y(z)?
-6
Let o = -17 - -12. Let n = o + 7. Suppose 16 = -q + 3*y, 2*q + 2*y + n*y = 8. Let g(c) = -c**3 - 4*c**2 - c - 3. Determine g(q).
1
Let b = 11 - 8. Let m be (-4)/22 - (-144)/66. Let x(c) = -m - 2 + 0 - c. What is x(b)?
-7
Let i(j) be the third derivative of -j**6/15 - j**5/60 - j**4/24 + j**3/6 + 14*j**2. Determine i(1).
-9
Let i(d) be the second derivative of d**4/12 + 7*d. Determine i(-1).
1
Let r(a) = 2*a**3 - 2*a**2 + 1. Let v be -2 - -5 - (1 - 0). Let w be (-2 - 0 - 0)/v. Calculate r(w).
-3
Let r = 2 + 1. Suppose -o = -r*o. Let x(y) = y**3 - 3*y**2 + y - 7. Let h(f) = -5*f**3 + 16*f**2 - 6*f + 34. Let t(w) = 2*h(w) + 11*x(w). Calculate t(o).
-9
Let v = -30 - -34. Let b(a) = -a**3 + 3*a**2 - a - 2. Calculate b(v).
-22
Suppose -2*x = 3*x - 5. Let p(l) = 12*l. Give p(x).
12
Suppose 2*n = 3*n - 6. Suppose -b = -n*b - 20. Let x(o) = 2*o + 3. Calculate x(b).
-5
Let n(d) = 5 - d**3 - 2 + 1 - 5*d**2 + 2 + 7*d. Calculate n(-6).
0
Let v(p) = p**2 + 5*p + 4. Let o be v(-5). Let m(d) = d**3 + d**2 - d + 1. Let i(f) = 5*f**3 + 4*f**2 - 5*f + 1. Let y(x) = o*m(x) - i(x). What is y(0)?
3
Let k be -9 + 4 + 1 + -2. Let t(n) = n**2 + 9*n + 4. Calculate t(k).
-14
Suppose 0 = -2*f - 3*l - 5, 0*f - 13 = f - 2*l. Let w(v) = -v**3 - 7*v**2 - v - 1. Calculate w(f).
6
Let z = 75 - 82. Let o(x) = x**2 + 8*x + 5. What is o(z)?
-2
Let h be (2 - 10/8)*-4. Let m(c) = -3*c. Let o(r) = 6*r - 1. Let k(s) = 5*m(s) + 2*o(s). Determine k(h).
7
Let c(s) = -2*s**2 + 1. Let i(j) = -3*j**3 - 3*j**2 + 1. Let q(l) = 2*c(l) - i(l). Calculate q(-1).
-3
Let x(i) = -i**2 + 2*i + 1. Let b(y) = -y**2 - 3*y + 4. Let s be b(0). What is x(s)?
-7
Let s(n) = n**2 - 5*n**2 + 2*n + 5*n**2. Let u(l) = 2*l - 4. Let i be u(3). Give s(i).
8
Let s = 13 + -17. Let w(h) = h**2 + 3*h + 1. Determine w(s).
5
Let l(r) = r - 2. Let s = 24 - 18. Give l(s).
4
Let i(b) be the first derivative of 2*b + 1/20*b**5 - 1/4*b**4 + 1 + 1/2*b**3 + 0*b**2. Let q(f) be the first derivative of i(f). Give q(2).
2
Let d(w) be the second derivative of w**4/12 + w**3/6 - 3*w**2/2 + 7*w. Give d(0).
-3
Suppose -5*q + 16 + 9 = 0. Suppose q*p - 2*x = -0*x + 19, -2*p - 4*x + 22 = 0. Suppose -p*d = 4*i - 24, -2*i - 6 + 0 = -2*d. Let b(l) = -l + 1. What is b(i)?
0
Let o(b) = b**3 + 9*b**2 + 8*b - 11. Suppose 9*p + 19 = -53. Calculate o(p).
-11
Let w(f) = -f**2 - 2*f. Suppose 0 = -2*g - 2*j + 2, 0*g - 5*j + 14 = 2*g. Let b be w(g). Let u(m) = -m + 4. Calculate u(b).
7
Suppose -4*o + 20 = 0, 5*u + o + 15 = u. Let x(w) = 2*w**2 - 9*w - 1. Let n(q) = 5*q**2 - 19*q - 2. Let p(s) = 3*n(s) - 7*x(s). Calculate p(u).
-4
Let r = -16 + 10. Let x(z) = 0*z + 3 + 3 + z. Give x(r).
0
Let k(z) = -8 + z - 16 + 24. Suppose 5*u - 3*r - 2*r = -10, -2*u - 4 = 4*r. What is k(u)?
-2
Let d(z) = -z**3 - 11*z**2 - 11*z - 7. Let i be d(-10). Let v(p) = -4*p - 2 - 2 - 5 + i*p. Let q be v(-4). Let r(t) = t**3 + 6*t**2 + 6*t + 6. Give r(q).
1
Let c(l) = l + 1. Let d(b) = -3*b - 6. Let a(w) = -5*c(w) - d(w). Let n(t) = 2*t - 19. Let u be n(9). Determine a(u).
3
Let s = 0 + -5. Let t(j) be the second derivative of j - 1/2*j**3 - 1/2*j**4 - j**2 + 0 - 1/20*j**5. What is t(s)?
-12
Let i be 0/1 + (-1)/1. Let d(b) be the second derivative of b**5/20 - b**4/12 - b**3/3 - b**2/2 + 90*b. Determine d(i).
-1
Let x(t) = -t**3 - 10*t**2 + 10*t - 10. Let o be x(-11). Let v be o/2 - (-1)/(-2). Let z(l) = 0*l**2 - l + 2*l**2 - l**2 - 2. Give z(v).
-2
Let p(g) = g**2 + 6*g + 7. Let l(r) = r**3 - 8*r**2 + r + 9. Let z be l(8). Suppose -2*k - 3*m = z - 1, 3*k + 9 = 3*m. What is p(k)?
2
Let j(o) = -6*o - 1. Let k = 17 + -12. Suppose -p - k = 4*p. What is j(p)?
5
Let f be 2 + 2 - (-2)/1. Let b(c) = -f*c + 5*c + 2*c. Give b(4).
4
Let m = 146 + -145. Let a(d) = -4*d**2 + 2*d - 1. Calculate a(m).
-3
Let a(x) = -x**3 + 9*x**2 - 6*x - 10. Let s be a(8). Suppose i = -i - s. Let r(v) = -v**2 - 4*v - 4. Determine r(i).
-1
Let a(g) = -2*g - 7. Let p(i) = -i**3 + 8*i**2 - 9*i + 2. Suppose 4*k + 4 = 0, 5*v - 2*k = -4*k + 33. Let d be p(v). Let m = d - -7. Determine a(m).
3
Let z(v) = -v - 9. Let m be (-1)/5 - (-1)/5. Give z(m).
-9
Suppose 4*y + 15 = 7*y. Let f be 176/(-40) + 2/y. Let t(l) = -l - 1 - 2 + 4*l**2 + 0 + l**3. Calculate t(f).
1
Suppose 5*q = 2*r + 35, -20 = 4*q - 5*q + 3*r. Let w = q - 3. Let i(s) = 8*s - s**2 - 4*s - 1 + w*s**2. What is i(-3)?
-4
Let d = -8 - -4. Let r(p) = -11*p**2 - 5*p - 6. Let y = -1 + -5. Let z(m) = -5*m**2 - 2*m - 3. Let t(u) = y*r(u) + 13*z(u). Determine t(d).
-3
Let k(p) be the first derivative of 1/3*p**3 + 2*p - p**2 + 1. Let s = -5 - -8. What is k(s)?
5
Let k be 12/10*(-20)/(-6). Let h(c) = -4*c**2 - 4 - 3*c**3 + 2*c**3 - k + 5 - c. Determine h(-3).
-9
Let d(j) = 4*j - 14. Let z(c) = 3*c - 12. Let v(b) = -2*d(b) + 3*z(b). What is v(7)?
-1
Let u(w) be the first derivative of 3*w**3 + w - 17. Calculate u(1).
10
Suppose -4*y + 5*y = -5*p - 17, 2*y + p - 2 = 0. Let d(g) = g**2 - 7*g + 4. What is d(y)?
-8
Let c be (-21)/(-6)*2 + -4. Let n(j) = -1 + j**2 - 2 - 3*j + 0*j. Give n(c).
-3
Let q(j) = -j**2 + 4*j + 1. Le